late the remainder when w is divided by 5.
4
Let p(s) = -s**2 - 9*s. What is the remainder when 197 is divided by p(-6)?
17
Suppose 2*k - 13 + 9 = 0. Suppose -u = 3*t - k*u - 44, 4*u - 4 = 0. What is the remainder when t is divided by (-1)/((-9)/24*4/6)?
3
What is the remainder when (4/14 - 0)/((-81)/(-17577)) is divided by 35?
27
Suppose -22*c + 8*c = -406. What is the remainder when c is divided by 17?
12
Let u(t) = 4*t - 14. Let f be u(14). Suppose 5*v + 2*d = d + 114, -v - 5*d = -f. Suppose -39 - 3 = -m. Calculate the remainder when m is divided by v.
20
Suppose 38 - 62 = -3*u. What is the remainder when u is divided by 5?
3
Suppose -18*r = -34*r + 3488. What is the remainder when r is divided by 33?
20
Let b = 2254 + -2182. What is the remainder when 199 is divided by b?
55
Let m = 57 + -53. Suppose -m*r + 174 = 2*r. What is the remainder when r is divided by 8?
5
Calculate the remainder when 130 is divided by -3 - (-9)/2 - (-42)/4.
10
Let b = 131 + -67. What is the remainder when b is divided by 22 - ((-5 - -4) + 1)?
20
Let g = 9 - 2. Suppose 2*l + 3*s - 211 = -2*l, s = -3. Suppose l = 3*u + g. Calculate the remainder when 45 is divided by u.
13
Suppose -2*c = 3*c - 3*z - 4, 2*c = 3*z - 2. Suppose -c*y + 5 + 17 = 0. Let a = 35 - -6. What is the remainder when a is divided by y?
8
Let d(j) be the second derivative of j**3/2 + j**2 + 18*j. What is the remainder when d(9) is divided by 16?
13
Let h be ((-2)/5)/(1/(-60)). Suppose v - 12 = -u, -3*u - v - 3*v + 33 = 0. Let l = h - u. Calculate the remainder when 15 is divided by l.
6
Let q = 5 + -2. Suppose -264 + 409 = 96*p - 911. Calculate the remainder when p is divided by q.
2
Let j be -2 + 149 - (-1 + 1). Suppose -3*o - 36 = -j. Suppose -10*s + 3*s = -70. Calculate the remainder when o is divided by s.
7
Suppose -192*i = -175*i - 1547. Calculate the remainder when i is divided by 31.
29
Let t be (8/16)/(2/304). Let i = t + -64. Let g(q) = 14*q + 3. Calculate the remainder when g(3) is divided by i.
9
Suppose -2*s + 5*k + 47 = 0, 2*s + k = 4 + 13. Suppose 67*w = 37*w + 930. Calculate the remainder when w is divided by s.
9
Suppose 0 = 6*o - 3*o - 114. Let k = o - 25. What is the remainder when 102 is divided by k?
11
Suppose 3*s = 14 - 2. Suppose -s*j + 7 = 23, 0 = t + j - 79. Calculate the remainder when t is divided by 15.
8
Suppose -1180 = -11*g - 608. Calculate the remainder when g is divided by 14.
10
Let q(n) = n**2 + 17*n + 41. Calculate the remainder when q(-20) is divided by 30.
11
Let w = -149 - -229. What is the remainder when 87 is divided by w?
7
Suppose 4*f - 30 = 10. Suppose -g = -1 - f. What is the remainder when g is divided by 6?
5
Let r be (0 - 4) + (-6 - -10). Calculate the remainder when 53 is divided by (42 + r)/((-12)/(-8)).
25
Suppose -j - 21 - 23 = -4*x, 5*j = 2*x - 4. Let d = 4 - 4. Suppose d = -0*v - v + 34. Calculate the remainder when v is divided by x.
10
Let r = -167 - -235. What is the remainder when 402 is divided by r?
62
Suppose 28*d + 724 = 32*d. What is the remainder when d is divided by 26?
25
Let k(f) = -394*f - 56. Calculate the remainder when k(-3) is divided by 141.
139
Let z = -2495 + 5544. What is the remainder when z is divided by 109?
106
Let h(x) = -7*x. Let q(v) = 6*v**2 + 8*v + 8. Let w(d) = 5*d**2 + 7*d + 7. Let t(f) = 6*q(f) - 7*w(f). Calculate the remainder when t(4) is divided by h(-1).
4
Let t be (-8)/12*(-2286)/4. Let w(y) = 14*y**3. What is the remainder when (-8)/(-14) - t/(-7) is divided by w(1)?
13
Suppose 9*x - 3*w = 14*x - 427, -x + 2*w + 88 = 0. Calculate the remainder when x is divided by 29.
28
Let f be (-6)/(-14) - 2486/(-14). Let p = f - 85. Calculate the remainder when p is divided by 32.
29
Suppose 61*u - 1408 = 17*u. What is the remainder when 94 is divided by u?
30
Suppose -4*z = 9 - 101. Suppose z*s - 18*s = 355. What is the remainder when s is divided by 12?
11
Suppose -285 = -5*i - 5*v, -2*i + 49 + 50 = -3*v. Let h = 130 - i. Calculate the remainder when h is divided by 26.
24
Suppose -5*v - 5*l = -0*l - 260, -4*l = 2*v - 98. Calculate the remainder when v is divided by 15.
10
Suppose -58 - 46 = -2*s. Calculate the remainder when 103 is divided by s.
51
Let a(r) = r**2 - 4*r + 5. Calculate the remainder when 58*(-4 + 27/6) is divided by a(4).
4
Let j = -69 - -81. What is the remainder when 104 is divided by j?
8
Let s = -1065 - -1175. What is the remainder when s is divided by 4?
2
Let w(x) = x**3 - 12*x**2 + 10*x + 92. What is the remainder when 317 is divided by w(11)?
74
Suppose 4 = -2*o - 2*k, -o + 6*k - k + 16 = 0. Let v = o + 2. Suppose 69 = v*x - j, 2*x = -3*j + 52 + 5. Calculate the remainder when x is divided by 13.
11
Suppose -n - 3*f - 7 = 0, n = 6*n - 5*f - 45. What is the remainder when 77 is divided by n?
2
Let h(r) = 12*r - 331. Calculate the remainder when 82 is divided by h(30).
24
Suppose -21 = -3*b + 24. Suppose 0*w + b = w. Let i(z) = 2*z**2 + z - 2. Calculate the remainder when w is divided by i(2).
7
Suppose 9*h + 4464 = 15*h. Suppose -c = -13*c + h. What is the remainder when c is divided by (-6)/(-15) - 126/(-10)?
10
Let w(p) = p + 4. Let l be w(-2). Let k(d) = 6*d**3 - d**2 - 4*d + 3. Calculate the remainder when k(l) is divided by 20.
19
Suppose -117 = -3*o + 3*g, -o - 5*g + 64 = o. Calculate the remainder when o is divided by 13.
11
Let g = -18 - -20. Suppose 10 = -2*u + 7*u, 2*a + g*u - 110 = 0. Calculate the remainder when a is divided by 14.
11
Let w = -22 - -25. Suppose -w*n + 95 = 2*l, 0*l = 2*l - 2*n - 70. Calculate the remainder when 198 is divided by l.
38
Let j be (0 - 10)/(2/13). Let s(m) = -m**2 + 10*m - 10. Calculate the remainder when (4/(-5))/(2/j) is divided by s(6).
12
Let v(n) be the first derivative of -4*n**2 - 8*n + 12. What is the remainder when v(-5) is divided by 17?
15
Suppose 3*o - 5*o = -3*c + 51, -5*c - 5*o = -85. Suppose 21*g = -349 + 475. What is the remainder when c is divided by g?
5
Suppose -459 = 22*a - 1537. Calculate the remainder when a is divided by 8.
1
Let m be (-1)/(-7) - 208/(-14). Let s be 58/m + 2/15. Suppose -22 = -s*x - 2. Calculate the remainder when x is divided by 3.
2
Calculate the remainder when 74 is divided by ((-6)/10)/((-111)/7030).
36
Let s(p) = -p**3 + 2*p**2 - p + 4. Let j be s(2). Let c(g) = -g**3 + 5*g**2 - 2*g - 1. Calculate the remainder when c(j) is divided by 4.
3
Suppose 5*k - 16 = 29. Calculate the remainder when 0 + 4 + 10 + 13 is divided by k.
0
Let u = 81 + -48. Suppose 0 = -4*l + 6*l - 8. What is the remainder when u is divided by (l - 2 - 0) + 10?
9
Let j be (-3)/(9/6) + 10 - 4. Suppose j*a + 12 = 0, y - 9 = -2*a - 7. Calculate the remainder when 14 is divided by y.
6
Suppose -7 = -f + 34. Suppose -x = -2*w + 5, 3*x - 3*w - 2 + 14 = 0. Calculate the remainder when f is divided by ((-15)/10)/(x/44).
19
Suppose -4*d + 376 = 4*y, -18 = -2*y + 3*d + 185. Let i = -66 + y. What is the remainder when i is divided by 18?
13
Suppose -t + 6 = 2*u, u = 3*t - 6*t - 7. Suppose -2*r + 96 = 4*w, 62 + 67 = u*w - 2*r. Let v(y) = 24*y + 1. What is the remainder when v(3) is divided by w?
23
Let z = -265 - -389. What is the remainder when z is divided by 21?
19
Suppose 0*x + 3*x + 5*z = 16, 12 = 2*x + 4*z. Suppose -3*u + 6*h = x*h - 106, 2*u - 64 = h. Let y = 52 + 35. Calculate the remainder when y is divided by u.
27
Let z(u) = -37*u**3 - 14*u**2 - 21*u - 5. What is the remainder when z(-2) is divided by 40?
37
Suppose 5*m - 508 = 682. What is the remainder when m is divided by 30?
28
Let z(x) = -x + 10. Suppose 0 = -3*t - t. Let a(d) = 11*d + 18. What is the remainder when a(1) is divided by z(t)?
9
Suppose 3*l - 2 = -2*o + 1, 4*o + 18 = 2*l. Let h be (-1032)/42 - l/7. Let c = -21 - h. What is the remainder when 10 is divided by c?
2
Let j(o) = -2*o**3 - 4*o**2 - 2*o - 4. Suppose 3*q - 4 + 13 = -3*f, -3*q - 2*f - 4 = 0. Let i = q + -5. Calculate the remainder when j(i) is divided by 8.
4
Let r = -1 - -20. Calculate the remainder when ((-7)/2)/((-8)/80) is divided by r.
16
Let w(r) = -r**3 + 9*r**2 - 15*r + 2. What is the remainder when 239 is divided by w(6)?
19
Suppose 4*m - 33 = -13. What is the remainder when 6 is divided by m?
1
Suppose -18*v + 22 = -572. What is the remainder when v is divided by 6?
3
Suppose 42*m = q + 44*m - 18